What is the value of -2 + (2 - -7) - 5 - 2?
0
-2 - (-8 - 0) - -1
7
Evaluate (-4 - 0) + (23 - 15) - 4.
0
Calculate 5 - 8 - -5 - -5.
7
What is the value of (-3 - 1) + 4 - (-1 - -6)?
-5
Evaluate -2 + 2 - (1 + -13 + 17).
-5
What is 7 + (10 - (2 - -6))?
9
Calculate -5 + 1 + 10 + -11.
-5
Calculate (11 - 1) + 3 + 9 + -14.
8
(-4 - -7) + (-1 - 2) - -4
4
Calculate 1 + -1 - (-29 - -25).
4
What is 0 - (5 - (6 + -3))?
-2
What is (-1 - -3) + 6 + -3 + -3?
2
Evaluate -1 + 4 + 0 + -1 + -1.
1
Evaluate 2 + -1 + 2 - (1 + 1).
1
What is the value of -2 + (2 - 1) - (50 + -45)?
-6
Evaluate 0 + (-1 - (-19 + 5 - -7)).
6
What is -2 - (2 - ((-2 - -9) + -11))?
-8
What is 1 + 10 + -3 + -3?
5
-7 + 3 - (-1 + (-3 - -4))
-4
Evaluate -18 - -18 - (0 - 4).
4
-4 - (1 + 0 - (9 + -9))
-5
What is the value of (-9 - (-9 - -8)) + 2?
-6
Evaluate -8 + (6 - (7 + -5 - -1)).
-5
Calculate -11 + 7 + 10 + -1.
5
(-8 - -11) + (3 - 3 - 4)
-1
Calculate -1 + 9 + 9 + -14.
3
Evaluate (10 + -1 - 6) + -5.
-2
Calculate (-1 + 2 - -2) + (-11 - -3).
-5
What is 13 + 1 + (15 - 25)?
4
2 + (0 - ((4 - 2) + 0))
0
What is (-5 - 0 - 0) + 9?
4
What is the value of 12 + (0 - 0) + 6 + -10?
8
What is the value of -2 - (-9 + (-2 - -9))?
0
2 - (-1 - (-6 - -4))
1
Evaluate 5 + -3 + (-9 - (-6 - -1)).
-2
(-1 - (-1 + 2)) + (13 - 9)
2
Evaluate -7 + (8 - (5 + -5)).
1
1 + -2 + 3 + 3 + -11
-6
What is the value of 7 - ((-9 - -12) + 2 + 0)?
2
What is the value of -3 - -1 - (2 - 4)?
0
What is the value of 0 - 1 - ((-3 - 7) + 13)?
-4
Calculate (-1 - 1) + (-6 - -7).
-1
1 + -2 + (4 - (1 + -3))
5
-16 - (-3 - (-1 - -9))
-5
What is the value of (-6 - 5) + 7 - (1 - 6)?
1
(-3 - -1) + -2 + 13 - 4
5
-6 - (1 + 5 - 2 - 4)
-6
Calculate 2 + -3 + (8 - 4).
3
What is the value of -7 + 1 + 1 - (-2 - 1)?
-2
Calculate 0 + 5 - (21 + -11).
-5
Calculate -4 + 1 + (-3 - -7) + -5.
-4
Calculate 57 + -64 - (-7 + 0) - 3.
-3
What is 4 - (6 - (5 - 1))?
2
(0 - -2) + -3 + (-1 - -4)
2
What is 1 - (-2 + (2 - (-1 + -1)))?
-1
-16 + 10 + -1 + -4
-11
What is the value of -6 - ((-5 - 1) + 4)?
-4
What is -50 + 56 + (-5 - -1)?
2
What is the value of 1 + 18 + -24 + (-4 - 0)?
-9
Evaluate -3 + 3 - 7 - (-7 - -4).
-4
Evaluate 1 - (4 + (-4 - 0)).
1
Calculate -1 + 1 - (-2 + 4).
-2
0 - (-1 - -6 - 2)
-3
Evaluate 2 + 0 - (2 + 0 + -2).
2
Calculate 16 + -7 - (20 + -10).
-1
-49 + 48 + (-1 - (1 + 0))
-3
(17 - 0) + (-10 - -14) + -12
9
Evaluate 5 - 13 - (-1 - 3).
-4
1 + -1 + 2 + -5 + -1
-4
What is the value of 2 - (-2 - (-3 + 3)) - -1?
5
What is the value of -1 + 10 - (-2 - -18)?
-7
What is the value of 3 - (1 + -3 - (1 - 11))?
-5
Evaluate 0 + -3 - (-4 + 5).
-4
What is 6 - (0 + 4) - 0?
2
Evaluate -5 - -9 - (-1 + 1).
4
Evaluate 8 + 0 - (6 - -5).
-3
Evaluate 1 - -3 - (6 + -6 - -4).
0
Calculate (7 - 1 - (-12 + 13)) + -14.
-9
Calculate -80 + 89 - (2 - 2).
9
3 - (4 + (4 - 6))
1
What is the value of 0 - (-2 + 9 + (-4 - -2))?
-5
What is 4 + (-2 - (-4 - -1)) + -6?
-1
(1 - (7 - -1) - -5) + 4
2
What is the value of (-6 - -1) + (0 - -5)?
0
What is the value of 1 + 0 + 0 + 1?
2
What is -1 + 1 + 1 - (1 + 6)?
-6
Calculate -13 - (0 - 11 - -4).
-6
Calculate -91 - -89 - (-1 + 0 - -2).
-3
What is (11 - 12) + -7 - 3?
-11
What is -6 + (-5 + 1 - -1) - -4?
-5
What is the value of -12 - (-12 + -5 - -10)?
-5
Evaluate -6 + 10 + (-3 - 3 - -2).
0
Calculate (1 - 2) + (2 - 10 - -5).
-4
Calculate (-22 - -11) + (2 + 4 - 4).
-9
Evaluate -2 + 1 - (-4 + 4) - -5.
4
Calculate -1 - -2 - 3 - (-7 + 5).
0
(3 - 0) + (-6 - (0 + -9))
6
What is 2 + -7 + 9 + -5?
-1
Evaluate (5 - (-1 + 0)) + -5 + -1.
0
What is (150 - 150) + 5 + -1?
4
Evaluate -1 - (2 - 17 - -3 - -7).
4
What is the value of -6 + (-5 + 2 - -6)?
-3
Calculate 4 + 1 - (3 + 0).
2
Evaluate 4 - (-7 + 4 + 7).
0
Evaluate 4 + (-3 - 9) - (-5 - -1).
-4
0 + 0 + 6 + -3 + 1
4
What is 7 - (3 - (3 - 10))?
-3
What is (-1 - 1) + (-24 - -25)?
-1
Evaluate (-1 - (-2 - -4)) + 0.
-3
Evaluate (9 - 1) + -4 - 5 - -3.
2
What is -7 + (6 - (1 + 4))?
-6
What is the value of -1 + (-1 - (-6 + 6))?
-2
What is -4 + 6 + 5 + -7?
0
What is the value of (0 - (-5 - -11)) + 6?
0
What is the value of -9 + (13 + -4 - 6)?
-6
What is -1 - (10 + -9) - 3?
-5
What is -23 + 19 + 4 + 0?
0
What is the value of -12 + 2 + 0 + 11?
1
Calculate 11 + (-3 - 7 - -5) + 2.
8
Calculate -5 + 16 + -10 + (1 - 3).
-1
Calculate -12 + (4 - (-3 - -1)).
-6
Evaluate -7 - (-9 - (-5 + -4 + 2)).
-5
What is the value of 11 - 30 - (-11 + -2)?
-6
Evaluate 8 - (12 - (7 + -2)).
1
Evaluate 3 + -8 - -5 - -4.
4
What is the value of 3 + 0 + (-2 - (-2 + 0))?
3
What is the value of -1 - ((1 - 15) + (-23 - -29))?
7
Evaluate (1 - 3) + 29 + -20.
7
Calculate 8 + -6 + -3 + -1 + -3.
-5
What is the value of 0 + (-3 - -6 - 3)?
0
What is 7 + (-3 - -1) - (7 + 2)?
-4
Evaluate 5 + (4 - 3 - 3 - 1).
2
0 + (-10 - -16) + (-3 - 0)
3
What is the value of 12 + 0 - (19 + -32 + 20)?
5
Calculate 4 - (-1 - (0 + (-4 - -1))).
2
Evaluate -1 + (2 - (-4 - -3)).
2
What is -5 + (-3 - -12) + -6?
-2
What is 9 - (5 - 7 - -8)?
3
Evaluate (-4 - 1) + 16 + -11.
0
Evaluate -3 - (-3 + (-2 - (-4 - -2))).
0
What is 0 + 1 - (-4 + (-11 - -20))?
-4
What is the value of (-2 - 3) + (0 - -12)?
7
Evaluate -3 + -13 - -7 - -9.
0
Evaluate 1 + 3 + (12 - 10 - 3).
3
What is the value of 1 + 0 + (4 - 6)?
-1
What is 0 - (2 + -6 + 14)?
-10
What is 4 - 11 - (-10 + 1 + 5)?
-3
What is 0 - ((-8 - -4) + 9)?
-5
Calculate -7 - (-3 + 2 + -2).
-4
Calculate 7 + -2 + (-9 + -2 - -11).
5
1 + -3 - -7 - 7
-2
1 - (3 - (-3 - -1))
-4
What is 7 + -2 - (-1 - -3)?
3
What is (2 - (-1 - -1)) + 2 - 1?
3
Calculate (-3 - -3) + (-2 - -1).
-1
Evaluate 7 + 3 + -5 - (-4 - -8).
1
What is 3 + 2 + -7 - -1?
-1
What is the value of -5 + (0 - -3) - (-2 - 3)?
3
What is the value of -4 + -2 + -17 + 22 - -3?
2
What is the value of (1 - 8 - -3) + 5?
1
8 - 1 - (11 - (-17 + 27))
6
-2 + (3 - -4 - 6)
-1
What is the value of 3 - -9 - (16 + -3)?
-1
Evaluate 7 - (-6 + (-3 - -7) + 3).
6
What is (-31 - -30) + 2 + 4?
5
Calculate 5 - (-5 - -13 - 6).
3
11 + -8 + 6 + -6 + 3
6
What is the value of -7 + (-11 - (-1 - 9))?
-8
Evaluate -6 - (-12 - -15 - 11).
2
Evaluate (-2 - 5 - -3) + -1 + 1.
-4
What is (13 - 16) + 2 + -2?
-3
Evaluate -3 + (-6 - (3 - 6)) - -5.
-1
Evaluate 14 + -28 - (-12 - -5).
-7
Calculate (-1 - (-3 + -4)) + 0.
6
Calculate 12 + (-3 + 0 - 2) + -8.
-1
Calculate -2 + (0 + (2 - 2) - -2).
0
Calculate (-8 - -2) + 18 + -7.
5
What is the value of 17 - 21 - ((-1 - 3) + 0)?
0
What is -6 + (-4 - -8 - 3)?
-5
What is -2 - (0 - (-6 + 10 - -1))?
3
Evaluate 6 + (3 - 11) - -7.
5
What is -2 - ((-1 - 3) + (-2 - -2))?
2
15 + (-6 - -1) + -3 - 0
7
Evaluate 5 - (-5 + 0 + 10).
0
What is 3 - (10 + (7 - 14))?
0
What is the value of -3 + 7 - 0 - 8?
-4
Calculate -38 - -32 - (-2 - -1 - -1).
-6
Calculate -11 + (15 - (-3 + 10)).
-3
What is 4 + 0 + 0 + (-2 - -2)?
4
(20 - 21 - (2 + -3)) + -2
-2
What is the value of 1 - (0 - -2 - 5)?
4
0 + -4 + (-5 - -11)
2
Evaluate 0 - 1 - (-3 - (-9 + 4)).
-3
Calculate 7 + -10 + 5 - (1 + 6).
-5
What is -3 - -5 - (-3 - (0 + -1))?
4
Calculate (1 - -4) + (0 - 8) + 3.
0
3 + (2 - (6 - 1)) - -4
4
Calculate -2 + 7 + (-8 - -7).
4
(3 + -4 - (0 + -3)) + 1
3
What is (2 - 2) + (-7 - -3) - -3?
-1
Evaluate (0 - -2) + 1 - 4.
-1
What is 3 + -5 + (2 - -2) - -1?
3
2 - (4 + (-1 - (-1 - 1)))
-3
Calculate (-8 - -5) + -1 + -2 - -3.
-3
Calculate -7 + 16 - (12 - 12).
9
What is 3 + (7 - 15) + 8?
3
What is 10 + (10 - (20 - 1))?
1
Calculate -7 + (6 - -1 - 4).
-4
What is the value of (-1 - 0) + -2 - 2?
-5
-7 - (2 - (10 + -4))
-3
What is 3 - -1 - -11 - (-31 + 39)?
7
Evaluate 1 + 10 + -4 + -3.
4
Calculate 101 - 101 - (1 + -9).
8
What is the value of -4 + 0 + -2 + -1 + 3?
-4
Evaluate -76 + 67 + 0 + 13.
4
What is 0 + (-1 - 2 - (18 + -25))?
4
What is -4 - (0 - (4 - 2))?
-2
What is 1 - (0 - 1 - (-15 - -14))?
1
Calculate (1 - 8) + 8 + -9.
-8
Calculate (-30 - -31) + (3 - -1).
5
What is (6 - 5 - 7) + 2?
-4
What is the value of -3 - 0 - -1 - (-2 - -3)?
-3
Evaluate -3 + 13 + -16 + 10.
4
Evaluate 3 + 1 - (2 - (5 - 2)).
5
What is the value of -7 + (14 - 8) - (0 - 2)?
1
What is the value of 4 - 1 - (13 + -31 - -25)?
-4
What is the value of (4 - (-6 + 3)) + (2 - 9)?
0
What is 0 - -3 - 0 - 9 - -12?
6
Evaluate 2 - (0 - -1 - (-8 - -12)).
5
Evaluate 1 - (-5 - (-5 + 5) - -3).
3
What is 1 + (-4 - -1) + (1 - 3)?
-4
What is the value of -1 + (3 - (9 + -2 - 3))?
-2
Evaluate -10 - (4 + 1 + -8